of 1048601.
1048601
List the prime factors of 289470.
2, 3, 5, 9649
List the prime factors of 1057283.
673, 1571
What are the prime factors of 1455979?
7, 207997
What are the prime factors of 4873008?
2, 3, 7, 14503
What are the prime factors of 2262789?
3, 43, 1949
What are the prime factors of 421502?
2, 73, 2887
List the prime factors of 1331318.
2, 665659
What are the prime factors of 18161709?
3, 37, 131, 1249
List the prime factors of 5342973.
3, 509, 3499
List the prime factors of 6276426.
2, 3, 13, 67, 1201
List the prime factors of 468526.
2, 317, 739
What are the prime factors of 1042821?
3, 13, 2971
What are the prime factors of 614081?
13, 47237
What are the prime factors of 1049922?
2, 3, 6481
List the prime factors of 1146849.
3, 11, 23, 1511
List the prime factors of 3098408.
2, 43, 9007
What are the prime factors of 551778?
2, 3, 41, 2243
What are the prime factors of 370281?
3, 123427
List the prime factors of 2716442.
2, 1358221
What are the prime factors of 56537?
13, 4349
What are the prime factors of 4027534?
2, 7, 287681
What are the prime factors of 551920?
2, 5, 6899
What are the prime factors of 663941?
23, 28867
List the prime factors of 9534430.
2, 5, 953443
What are the prime factors of 577078?
2, 288539
What are the prime factors of 3896715?
3, 5, 259781
What are the prime factors of 116512?
2, 11, 331
List the prime factors of 2864774.
2, 11, 197, 661
What are the prime factors of 1875413?
941, 1993
What are the prime factors of 104946?
2, 3, 17491
List the prime factors of 831756.
2, 3, 69313
What are the prime factors of 3100172?
2, 775043
List the prime factors of 2255904.
2, 3, 7, 373
List the prime factors of 690988.
2, 227, 761
What are the prime factors of 1463306?
2, 13, 23, 2447
What are the prime factors of 303796?
2, 53, 1433
List the prime factors of 11248965.
3, 5, 7, 13, 41, 67
List the prime factors of 7423837.
1601, 4637
What are the prime factors of 2081303?
7, 73, 4073
List the prime factors of 96863.
13, 7451
List the prime factors of 20540830.
2, 5, 1283, 1601
List the prime factors of 26625759.
3, 8875253
List the prime factors of 60403.
7, 8629
What are the prime factors of 367422?
2, 3, 11, 19, 293
List the prime factors of 2065121.
2065121
List the prime factors of 4786203.
3, 1595401
What are the prime factors of 2567146?
2, 1283573
What are the prime factors of 6646076?
2, 1661519
List the prime factors of 7526830.
2, 5, 752683
List the prime factors of 2032470.
2, 3, 5, 11, 2053
What are the prime factors of 1789068?
2, 3, 29, 53, 97
What are the prime factors of 270493?
270493
What are the prime factors of 953447?
11, 86677
List the prime factors of 928110.
2, 3, 5, 30937
List the prime factors of 1416177.
3, 7, 59, 127
List the prime factors of 6338278.
2, 197, 16087
List the prime factors of 5814501.
3, 7, 11, 25171
What are the prime factors of 356226?
2, 3, 13, 4567
List the prime factors of 207849.
3, 79, 877
List the prime factors of 125305.
5, 19, 1319
List the prime factors of 6535263.
3, 7, 311203
List the prime factors of 1879134.
2, 3, 107, 2927
List the prime factors of 1595292.
2, 3, 37, 3593
What are the prime factors of 1273693?
1273693
List the prime factors of 862143.
3, 89, 3229
What are the prime factors of 1679368?
2, 23, 9127
List the prime factors of 8691241.
13, 271, 2467
What are the prime factors of 117274?
2, 191, 307
What are the prime factors of 4978175?
5, 107, 1861
What are the prime factors of 886719?
3, 23, 71, 181
List the prime factors of 1363642.
2, 7, 257, 379
List the prime factors of 2720953.
2720953
What are the prime factors of 4959410?
2, 5, 17, 29173
List the prime factors of 288548.
2, 13, 31, 179
List the prime factors of 305234.
2, 152617
List the prime factors of 6054374.
2, 3027187
List the prime factors of 733289.
733289
What are the prime factors of 1980033?
3, 11, 29, 2069
List the prime factors of 110044.
2, 11, 41, 61
What are the prime factors of 1502881?
19, 83, 953
What are the prime factors of 2572071?
3, 857357
What are the prime factors of 13198770?
2, 3, 5, 13, 29, 389
What are the prime factors of 361652?
2, 23, 3931
What are the prime factors of 182687?
182687
List the prime factors of 152825.
5, 6113
What are the prime factors of 456236?
2, 11, 10369
What are the prime factors of 20110581?
3, 191, 11699
What are the prime factors of 24628438?
2, 2549, 4831
List the prime factors of 3667586.
2, 13, 141061
List the prime factors of 1990898.
2, 7, 13, 10939
List the prime factors of 350271.
3, 12973
What are the prime factors of 1621996?
2, 405499
What are the prime factors of 85743?
3, 7, 1361
List the prime factors of 238737.
3, 79579
List the prime factors of 3522628.
2, 61, 14437
What are the prime factors of 26214139?
7, 83, 45119
What are the prime factors of 135143?
149, 907
What are the prime factors of 358062?
2, 3, 83, 719
What are the prime factors of 1306357?
13, 317
What are the prime factors of 163178?
2, 83, 983
What are the prime factors of 70085?
5, 107, 131
List the prime factors of 313184.
2, 9787
What are the prime factors of 175644?
2, 3, 7, 17, 41
What are the prime factors of 36969347?
36969347
What are the prime factors of 5230723?
31, 5443
What are the prime factors of 19005390?
2, 3, 5, 47, 4493
What are the prime factors of 153519?
3, 73, 701
What are the prime factors of 623081?
83, 7507
What are the prime factors of 2794087?
757, 3691
List the prime factors of 10608543.
3, 11, 23, 1553
List the prime factors of 2979409.
19, 191, 821
What are the prime factors of 2552697?
3, 7, 40519
What are the prime factors of 117201?
3, 7, 5581
What are the prime factors of 158490?
2, 3, 5, 587
List the prime factors of 11834321.
19, 139, 4481
What are the prime factors of 677006?
2, 11, 30773
List the prime factors of 1688665.
5, 11, 30703
What are the prime factors of 13244267?
1901, 6967
List the prime factors of 711096.
2, 3, 29629
What are the prime factors of 3774493?
17, 222029
List the prime factors of 1272554.
2, 636277
What are the prime factors of 371636?
2, 53, 1753
What are the prime factors of 1451047?
13, 23, 211
List the prime factors of 10510291.
11, 955481
What are the prime factors of 172789?
131, 1319
List the prime factors of 14996630.
2, 5, 11, 136333
List the prime factors of 182889.
3, 7, 2903
List the prime factors of 328269.
3, 109423
List the prime factors of 152280.
2, 3, 5, 47
List the prime factors of 94450.
2, 5, 1889
List the prime factors of 3130829.
13, 23, 37, 283
List the prime factors of 2628617.
2628617
What are the prime factors of 16218084?
2, 3, 31, 43597
List the prime factors of 4381217.
1187, 3691
List the prime factors of 593550.
2, 3, 5, 1319
List the prime factors of 14044.
2, 3511
What are the prime factors of 8997131?
11, 13, 17, 3701
List the prime factors of 806054.
2, 61, 6607
What are the prime factors of 909800?
2, 5, 4549
List the prime factors of 342298.
2, 11, 15559
What are the prime factors of 1136530?
2, 5, 89, 1277
List the prime factors of 2562385.
5, 7, 179, 409
What are the prime factors of 3963696?
2, 3, 11, 7507
List the prime factors of 4554070.
2, 5, 455407
List the prime factors of 7407882.
2, 3, 137183
What are the prime factors of 102000?
2, 3, 5, 17
What are the prime factors of 3128976?
2, 3, 7243
What are the prime factors of 917155?
5, 59, 3109
What are the prime factors of 26704373?
26704373
What are the prime factors of 1910422?
2, 955211
What are the prime factors of 9255385?
5, 1851077
List the prime factors of 2125317.
3, 37, 41, 467
What are the prime factors of 1845367?
17, 73, 1487
What are the prime factors of 4980015?
3, 5, 37, 997
What are the prime factors of 7764903?
3, 17, 5639
What are the prime factors of 5824981?
1069, 5449
What are the prime factors of 13428947?
7, 509, 3769
What are the prime factors of 219703?
11, 19973
List the prime factors of 10368133.
10368133
What are the prime factors of 15822?
2, 3, 293
List the prime factors of 2483151.
3, 11, 47, 1601
List the prime factors of 891890.
2, 5, 89189
What are the prime factors of 1392523?
11, 71, 1783
List the prime factors of 1971414.
2, 3, 31, 3533
List the prime factors of 5424325.
5, 216973
List the prime factors of 3855495.
3, 5, 7, 73, 503
List the prime 